?
False
Is 324785789 prime?
True
Is 263021441 a prime number?
True
Is 10596787 a composite number?
True
Is 116624773 a prime number?
True
Is 408139067 composite?
True
Is 13994987 prime?
True
Is 56487877 a composite number?
True
Is 93444647 composite?
True
Is 3674753 a prime number?
True
Is 270504211 a composite number?
False
Is 5580817 a composite number?
True
Is 70266233 prime?
False
Is 907277411 composite?
True
Is 2880737 prime?
False
Is 131003149 composite?
False
Is 2770169 a composite number?
False
Is 20854043 prime?
False
Is 6031891 a composite number?
False
Is 7843081 a composite number?
True
Is 5087 a prime number?
True
Is 121757899 composite?
False
Is 509878001 a prime number?
True
Is 100772317 composite?
False
Is 40112183 a composite number?
False
Is 8172643 a composite number?
True
Is 25858883 composite?
True
Is 2383181 prime?
False
Is 972779 composite?
True
Is 11678057 prime?
True
Is 316090627 a composite number?
False
Is 130078847 a composite number?
False
Is 348685619 a prime number?
False
Is 12393437 prime?
False
Is 307441 a prime number?
False
Is 31342579 prime?
True
Is 55489387 a prime number?
True
Is 1877137 composite?
False
Is 1945241 a prime number?
False
Is 2189459 a composite number?
False
Is 2506695667 prime?
False
Is 23359057 composite?
False
Is 2265509 a prime number?
False
Is 5324249 prime?
False
Is 91127807 composite?
False
Is 2980189 a prime number?
True
Is 29301823 a prime number?
True
Is 10993669 prime?
True
Is 4653053 prime?
False
Is 2258519 a prime number?
True
Is 1234267267 a prime number?
False
Is 110784463 composite?
False
Is 66467197 a prime number?
True
Is 4027421 prime?
True
Is 813493 prime?
True
Is 6207473 prime?
True
Is 23268551 composite?
False
Is 103572727 a composite number?
True
Is 182309879 a prime number?
False
Is 985889 prime?
False
Is 25177843 a prime number?
False
Is 12318329 composite?
False
Is 11928883 a composite number?
True
Is 3952999 a composite number?
True
Is 46375009 composite?
False
Is 1796567 a prime number?
True
Is 36206747 a prime number?
False
Is 162866969 a composite number?
False
Is 302938583 a composite number?
True
Is 472009 prime?
False
Is 13266898 prime?
False
Is 115131029 prime?
False
Is 11014807 a composite number?
False
Is 1097221 a composite number?
False
Is 122543987 prime?
True
Is 10150213 a composite number?
False
Is 36523457 a prime number?
True
Is 12826597 a prime number?
False
Is 7818127 a composite number?
False
Is 611598011 composite?
True
Is 1436899 a composite number?
False
Is 6387851 a prime number?
False
Is 9828851 a composite number?
False
Is 29908861 prime?
False
Is 3728217 a composite number?
True
Is 971879 a composite number?
True
Is 170182807 a composite number?
True
Is 10898891 a composite number?
False
Is 194511043 a composite number?
True
Is 153339707 composite?
False
Is 1157374 a prime number?
False
Is 681449 a composite number?
False
Is 48939599 a composite number?
False
Is 8942921 composite?
True
Is 154102459 a prime number?
False
Is 79963805 a composite number?
True
Is 1204003 prime?
True
Is 126894323 composite?
False
Is 28454779 a composite number?
True
Is 104788597 a prime number?
True
Is 13475587 prime?
False
Is 5322721 prime?
True
Is 35016193 a prime number?
True
Is 2412913 composite?
True
Is 40178 composite?
True
Is 5918783 a composite number?
True
Is 78470063 a prime number?
False
Is 1842803 a prime number?
True
Is 120000929 a prime number?
True
Is 129960347 a prime number?
False
Is 9209467 composite?
False
Is 1959587 prime?
False
Is 154486417 a prime number?
False
Is 8169481 a composite number?
False
Is 122823677 a composite number?
False
Is 335982419 composite?
True
Is 80207399 a prime number?
True
Is 3062483 a composite number?
False
Is 2611594 a prime number?
False
Is 5222531 composite?
True
Is 10579267 composite?
True
Is 6423437 composite?
True
Is 258035 a prime number?
False
Is 16981441 a composite number?
False
Is 6556937 prime?
True
Is 2669071 composite?
True
Is 51052187 a composite number?
False
Is 49969669 composite?
False
Is 160370097 prime?
False
Is 5710414 prime?
False
Is 196619 prime?
False
Is 1710997 composite?
False
Is 267248363 a prime number?
True
Is 131516287 composite?
True
Is 116423 a composite number?
False
Is 112162901 composite?
False
Is 159050798 prime?
False
Is 3996085 a composite number?
True
Is 1984109 a composite number?
False
Is 37272419 a composite number?
False
Is 1796477 prime?
True
Is 11094121 a prime number?
False
Is 1245113 a composite number?
False
Is 2693299 a composite number?
True
Is 6110241 a prime number?
False
Is 1470149 composite?
False
Is 138709007 prime?
True
Is 1885771 composite?
True
Is 197050753 prime?
False
Is 9907187 prime?
True
Is 72276431 prime?
False
Is 37916563 prime?
False
Is 99889747 a prime number?
True
Is 206362151 prime?
True
Is 4781929 a prime number?
True
Is 1615223 prime?
True
Is 19567461 prime?
False
Is 64044053 composite?
False
Is 9661753 a composite number?
False
Is 56713361 prime?
True
Is 30529591 prime?
True
Is 415558943 a composite number?
False
Is 809087 a prime number?
True
Is 3071551 composite?
True
Is 4745633 prime?
False
Is 19929509 a composite number?
False
Is 3811337 a composite number?
True
Is 9477397 prime?
False
Is 268127257 composite?
False
Is 15448609 composite?
True
Is 19130351 prime?
False
Is 68099 a composite number?
False
Is 6492557 a composite number?
False
Is 10912211 a composite number?
False
Is 1675181 composite?
False
Is 2295169 a prime number?
True
Is 18762229 composite?
True
Is 335677774 prime?
False
Is 16664189 composite?
False
Is 41962073 prime?
True
Is 6238987 a composite number?
False
Is 21729413 composite?
True
Is 6556559 composite?
False
Is 136869943 composite?
True
Is 14200313 composite?
True
Is 44297177 a prime number?
False
Is 202789 a composite number?
True
Is 1997029 composite?
False
Is 98424281 composite?
False
Is 11829413 prime?
True
Is 468442087 a prime number?
False
Is 2610059 a composite number?
False
Is 407887 prime?
False
Is 5768207 prime?
True
Is 5188091 prime?
True
Is 2758033 a prime number?
True
Is 1628689 a prime number?
True
Is 339707 prime?
True
Is 128570437 a prime number?
False
Is 4353571 a prime number?
False
Is 1478759 a composite number?
False
Is 27028101 a composite number?
True
Is 20414517 prime?
False
Is 125731129 composite?
True
Is 110309261 composite?
False
Is 99591779 a prime number?
False
Is 6004165 a composite number?
True
Is 41223937 a composite number?
False
Is 12726283 prime?
True
Is 21118 composite?
True
Is 97895819 a composite number?
True
Is 2458637 a prime number?
False
Is 3337841 composite?
True
Is 1288919 prime?
True
Is 1884437 composite?
False
Is 5393159 composite?
True
Is 671826809 a composite number?
False
Is 2031811 composite?
False
Is 2577727 composite?
True
Is 5579443 composite?
False
Is 1189283 a composite number?
True
Is 2892293 prime?
False
Is 1439069 prime?
False
Is 933389 prime?
True
Is 518942315 composite?
True
Is 6211927 prime?
True
Is 277270687 a prime number?
True
Is 12225217 a prime number?
False
Is 11372407 a composite number?
True
Is 3527581 a composite number?
False
Is 5002961 a composite number?
True
Is 312239 composite?
True
Is 193881097 composite?
False
Is 1543709 a prime number?
True
Is 235661 prime?
True
Is 17793129 a prime number?
False
Is 5891201 composite?
True
Is 3418001 a prime number?
True
Is 2268431 prime?
False
Is 23017961 a composite number?
False
Is 35829665 a prime number?
False
Is 820163 a prime number?
True
Is 449893853 prime?
True
Is 1769819 prime?
False
Is 185518817 composite?
True
Is 76096105 a composite number?
True
Is 50372171 composite?
False
Is 35998507 composite?
False
Is 44240491 a composite number?
True
Is 39322603 prime?
False
Is 15632251 composite?
False
Is 3127107 prime?
False
Is 3289807 a prime number?
False
Is 40603847 a composite number?
True
Is 134430719 composite?
True
Is 17400983 a prime number?
False
Is 45175169 a composite number?
True
Is 60478493 a prime number?
True
Is 8216459 prime?
True
Is 152879 a composite number?
False
Is 28263817 a composite number?
False
Is 10364227 prime?
False
Is 4283143 prime?
False
Is 1358801 a composite number?
False
Is 5708627 a prime number?
True
Is 9727427 prime?
True
Is 726941 prime?
True
Is 785077 composite?
Tr